{"id":2,"date":"2017-07-13T11:14:36","date_gmt":"2017-07-13T09:14:36","guid":{"rendered":"https:\/\/www3.hhu.de\/patentrechtstage\/?page_id=2"},"modified":"2026-04-17T11:11:30","modified_gmt":"2026-04-17T09:11:30","slug":"beispiel-seite","status":"publish","type":"page","link":"https:\/\/patentrechtstage.de\/","title":{"rendered":"Startseite"},"content":{"rendered":"<div class=\"content_wide\" style=\"padding-bottom: 0;\">\n<h1><span style=\"font-family: 'Open Sans';\">Herzlich Willkommen<\/span><\/h1>\n<h3><span style=\"font-family: 'Open Sans';\">Auf der Webseite der D\u00fcsseldorfer Patentrechtstage!<\/span><\/h3>\n<h3><\/h3>\n<h3><\/h3>\n<div class=\"dpat_left\" style=\"float: left;\"><div id=\"metaslider-id-932\" style=\"width: 100%;\" class=\"ml-slider-3-108-0 metaslider metaslider-responsive metaslider-932 ml-slider ms-theme-default\" role=\"region\" aria-label=\"Neue Slideshow\" data-height=\"620\" data-width=\"1100\">\n    <div id=\"metaslider_container_932\">\n        <ul id='metaslider_932' class='rslides'>\n            <li aria-roledescription='slide' aria-labelledby='slide-0'><img loading=\"lazy\" decoding=\"async\" src=\"https:\/\/patentrechtstage.de\/wp-content\/uploads\/2023\/04\/DSC03914-1100x620.jpg\" height=\"620\" width=\"1100\" alt=\"\" class=\"slider-932 slide-1293 msDefaultImage\" title=\"DSC03914\" \/><\/li>\n            <li style='display: none;' aria-roledescription='slide' aria-labelledby='slide-1'><img loading=\"lazy\" decoding=\"async\" src=\"https:\/\/patentrechtstage.de\/wp-content\/uploads\/2023\/04\/DSC03964-1100x620.jpg\" height=\"620\" width=\"1100\" alt=\"\" class=\"slider-932 slide-1296 msDefaultImage\" title=\"DSC03964\" \/><\/li>\n            <li style='display: none;' aria-roledescription='slide' aria-labelledby='slide-2'><img loading=\"lazy\" decoding=\"async\" src=\"https:\/\/patentrechtstage.de\/wp-content\/uploads\/2023\/04\/DSC04174-1100x620.jpg\" height=\"620\" width=\"1100\" alt=\"\" class=\"slider-932 slide-1295 msDefaultImage\" title=\"DSC04174\" \/><\/li>\n            <li style='display: none;' aria-roledescription='slide' aria-labelledby='slide-3'><img loading=\"lazy\" decoding=\"async\" src=\"https:\/\/patentrechtstage.de\/wp-content\/uploads\/2023\/04\/DSC04055-1100x620.jpg\" height=\"620\" width=\"1100\" alt=\"\" class=\"slider-932 slide-1294 msDefaultImage\" title=\"DSC04055\" \/><\/li>\n            <li style='display: none;' aria-roledescription='slide' aria-labelledby='slide-4'><img loading=\"lazy\" decoding=\"async\" src=\"https:\/\/patentrechtstage.de\/wp-content\/uploads\/2023\/04\/DSC04163-1100x620.jpg\" height=\"620\" width=\"1100\" alt=\"\" class=\"slider-932 slide-1297 msDefaultImage\" title=\"DSC04163\" \/><\/li>\n            <li style='display: none;' aria-roledescription='slide' aria-labelledby='slide-5'><img loading=\"lazy\" decoding=\"async\" src=\"https:\/\/patentrechtstage.de\/wp-content\/uploads\/2025\/03\/23._DPT_16-scaled-1100x620.jpg\" height=\"620\" width=\"1100\" alt=\"\" class=\"slider-932 slide-1544 msDefaultImage\" title=\"23._DPT_16\" \/><\/li>\n            <li style='display: none;' aria-roledescription='slide' aria-labelledby='slide-6'><img loading=\"lazy\" decoding=\"async\" src=\"https:\/\/patentrechtstage.de\/wp-content\/uploads\/2025\/03\/23._DPT_3-scaled-1100x620.jpg\" height=\"620\" width=\"1100\" alt=\"\" class=\"slider-932 slide-1545 msDefaultImage\" title=\"23._DPT_3\" \/><\/li>\n            <li style='display: none;' aria-roledescription='slide' aria-labelledby='slide-7'><img loading=\"lazy\" decoding=\"async\" src=\"https:\/\/patentrechtstage.de\/wp-content\/uploads\/2025\/03\/23._DPT_5-scaled-1100x620.jpg\" height=\"620\" width=\"1100\" alt=\"\" class=\"slider-932 slide-1546 msDefaultImage\" title=\"23._DPT_5\" \/><\/li>\n        <\/ul>\n        \n    <\/div>\n<\/div><\/div>\n<div class=\"dpat_right\">\n<h3><span style=\"font-family: 'Open Sans';\">Die 24. D\u00fcsseldorfer Patentrechtstage fanden vom 19. bis 20. M\u00e4rz 2026 statt.<\/span><\/h3>\n<h3>F\u00fcr Impressionen klicken Sie <a href=\"https:\/\/patentrechtstage.de\/index.php\/bilderarchiv\/\">hier<\/a>.<\/h3>\n<h3><span style=\"font-family: 'Open Sans';\">Die 25. D\u00fcsseldorfer Patentrechtstage werden voraussichtlich vom 08. &#8211; 09. April 2027 stattfinden.<\/span><\/h3>\n<\/div>\n<div class=\"dpat_right\">\n<h1><\/h1>\n<\/div>\n<div><\/div>\n<\/div>\n","protected":false},"excerpt":{"rendered":"<p>Herzlich Willkommen Auf der Webseite der D\u00fcsseldorfer Patentrechtstage! Die 24. D\u00fcsseldorfer Patentrechtstage fanden vom 19. bis 20. M\u00e4rz 2026 statt. F\u00fcr Impressionen klicken Sie hier. Die 25. D\u00fcsseldorfer Patentrechtstage werden voraussichtlich vom 08. &#8211; 09. April 2027 stattfinden.<\/p>\n","protected":false},"author":1,"featured_media":0,"parent":0,"menu_order":0,"comment_status":"closed","ping_status":"closed","template":"","meta":{"_seopress_robots_primary_cat":"","_seopress_titles_title":"","_seopress_titles_desc":"","_seopress_robots_index":"","footnotes":""},"class_list":["post-2","page","type-page","status-publish","hentry"],"_links":{"self":[{"href":"https:\/\/patentrechtstage.de\/index.php\/wp-json\/wp\/v2\/pages\/2","targetHints":{"allow":["GET"]}}],"collection":[{"href":"https:\/\/patentrechtstage.de\/index.php\/wp-json\/wp\/v2\/pages"}],"about":[{"href":"https:\/\/patentrechtstage.de\/index.php\/wp-json\/wp\/v2\/types\/page"}],"author":[{"embeddable":true,"href":"https:\/\/patentrechtstage.de\/index.php\/wp-json\/wp\/v2\/users\/1"}],"replies":[{"embeddable":true,"href":"https:\/\/patentrechtstage.de\/index.php\/wp-json\/wp\/v2\/comments?post=2"}],"version-history":[{"count":170,"href":"https:\/\/patentrechtstage.de\/index.php\/wp-json\/wp\/v2\/pages\/2\/revisions"}],"predecessor-version":[{"id":1733,"href":"https:\/\/patentrechtstage.de\/index.php\/wp-json\/wp\/v2\/pages\/2\/revisions\/1733"}],"wp:attachment":[{"href":"https:\/\/patentrechtstage.de\/index.php\/wp-json\/wp\/v2\/media?parent=2"}],"curies":[{"name":"wp","href":"https:\/\/api.w.org\/{rel}","templated":true}]}}

<div class="content_wide" style="padding-bottom: 0;">
<h1><span style="font-family: 'Open Sans';">Herzlich Willkommen</span></h1>
<h3><span style="font-family: 'Open Sans';">Auf der Webseite der Düsseldorfer Patentrechtstage!</span></h3>
<h3></h3>
<h3></h3>
<div class="dpat_left" style="float: left;"><div id="metaslider-id-932" style="width: 100%;" class="ml-slider-3-108-0 metaslider metaslider-responsive metaslider-932 ml-slider ms-theme-default" role="region" aria-label="Neue Slideshow" data-height="620" data-width="1100">
    <div id="metaslider_container_932">
        <ul id='metaslider_932' class='rslides'>
            <li aria-roledescription='slide' aria-labelledby='slide-0'><img loading="lazy" decoding="async" src="https://patentrechtstage.de/wp-content/uploads/2023/04/DSC03914-1100x620.jpg" height="620" width="1100" alt="" class="slider-932 slide-1293 msDefaultImage" title="DSC03914" /></li>
            <li style='display: none;' aria-roledescription='slide' aria-labelledby='slide-1'><img loading="lazy" decoding="async" src="https://patentrechtstage.de/wp-content/uploads/2023/04/DSC03964-1100x620.jpg" height="620" width="1100" alt="" class="slider-932 slide-1296 msDefaultImage" title="DSC03964" /></li>
            <li style='display: none;' aria-roledescription='slide' aria-labelledby='slide-2'><img loading="lazy" decoding="async" src="https://patentrechtstage.de/wp-content/uploads/2023/04/DSC04174-1100x620.jpg" height="620" width="1100" alt="" class="slider-932 slide-1295 msDefaultImage" title="DSC04174" /></li>
            <li style='display: none;' aria-roledescription='slide' aria-labelledby='slide-3'><img loading="lazy" decoding="async" src="https://patentrechtstage.de/wp-content/uploads/2023/04/DSC04055-1100x620.jpg" height="620" width="1100" alt="" class="slider-932 slide-1294 msDefaultImage" title="DSC04055" /></li>
            <li style='display: none;' aria-roledescription='slide' aria-labelledby='slide-4'><img loading="lazy" decoding="async" src="https://patentrechtstage.de/wp-content/uploads/2023/04/DSC04163-1100x620.jpg" height="620" width="1100" alt="" class="slider-932 slide-1297 msDefaultImage" title="DSC04163" /></li>
            <li style='display: none;' aria-roledescription='slide' aria-labelledby='slide-5'><img loading="lazy" decoding="async" src="https://patentrechtstage.de/wp-content/uploads/2025/03/23._DPT_16-scaled-1100x620.jpg" height="620" width="1100" alt="" class="slider-932 slide-1544 msDefaultImage" title="23._DPT_16" /></li>
            <li style='display: none;' aria-roledescription='slide' aria-labelledby='slide-6'><img loading="lazy" decoding="async" src="https://patentrechtstage.de/wp-content/uploads/2025/03/23._DPT_3-scaled-1100x620.jpg" height="620" width="1100" alt="" class="slider-932 slide-1545 msDefaultImage" title="23._DPT_3" /></li>
            <li style='display: none;' aria-roledescription='slide' aria-labelledby='slide-7'><img loading="lazy" decoding="async" src="https://patentrechtstage.de/wp-content/uploads/2025/03/23._DPT_5-scaled-1100x620.jpg" height="620" width="1100" alt="" class="slider-932 slide-1546 msDefaultImage" title="23._DPT_5" /></li>
        </ul>
        
    </div>
</div></div>
<div class="dpat_right">
<h3><span style="font-family: 'Open Sans';">Die 24. Düsseldorfer Patentrechtstage fanden vom 19. bis 20. März 2026 statt.</span></h3>
<h3>Für Impressionen klicken Sie <a href="https://patentrechtstage.de/index.php/bilderarchiv/">hier</a>.</h3>
<h3><span style="font-family: 'Open Sans';">Die 25. Düsseldorfer Patentrechtstage werden voraussichtlich vom 08. &#8211; 09. April 2027 stattfinden.</span></h3>
</div>
<div class="dpat_right">
<h1></h1>
</div>
<div></div>
</div>

<p>Herzlich Willkommen Auf der Webseite der Düsseldorfer Patentrechtstage! Die 24. Düsseldorfer Patentrechtstage fanden vom 19. bis 20. März 2026 statt. Für Impressionen klicken Sie hier. Die 25. Düsseldorfer Patentrechtstage werden voraussichtlich vom 08. &#8211; 09. April 2027 stattfinden.</p>
